pose -20 - 72 = -2*o. Suppose -i - m + 12 = -0*m, 5*i - o = 2*m. What are the prime factors of i?
2, 5
Let s = 44 - 41. What are the prime factors of s?
3
Let q(j) = -98*j**2 - j. Let w be q(1). List the prime factors of w*(5/3 - 2).
3, 11
What are the prime factors of (-1)/(-3) - (-656)/48?
2, 7
Let s = 14 - 17. What are the prime factors of (-482)/(-8) + s/12?
2, 3, 5
Suppose 5*c - 98 = 3*c. What are the prime factors of c?
7
Let g(p) = -3*p. List the prime factors of g(-6).
2, 3
Let j be 48/15 - (-1)/(-5). Suppose -2*s = 1 + j. Let p = s + 5. What are the prime factors of p?
3
Suppose 2*l = 7*l + 35. Let y(v) = -3*v + 13. What are the prime factors of y(l)?
2, 17
Let h = -28 - -85. Suppose -h = -2*r - 9. List the prime factors of r.
2, 3
Let t be (10/8)/((-1)/(-20)). Let i be 89/(-7) + (-2)/7. Let s = t + i. List the prime factors of s.
2, 3
Suppose 5*b + h = 42, -3*h - 18 = -2*b - 8. List the prime factors of b.
2
Let w = -8 - -9. Let o = 10 + w. What are the prime factors of o?
11
Let o = 171 - 111. Let f be ((-2)/4 - -1)*0. Suppose 4*u - o = -f*u. List the prime factors of u.
3, 5
Let b be 1/(1 - (-3)/(-2)). Let o = b - -6. List the prime factors of o.
2
Let a(m) = -m**2 + 7*m + 4. Let b be (7/3 + 0)*3. List the prime factors of a(b).
2
Let m(g) = 20*g - 22. What are the prime factors of m(3)?
2, 19
Suppose -f - 116 = -2*g + 4*f, -2*g + 152 = 4*f. What are the prime factors of g?
2, 17
Let r = -381 - -660. What are the prime factors of r?
3, 31
Let n = 3 - -3. Let l = 8 - n. List the prime factors of l.
2
Let o(f) = f**2 + 2*f + 3. Let t be o(-2). Suppose 2*w = 8, 3 = t*q - 2*w + 14. List the prime factors of 2/q + (-12)/(-1).
2, 5
Let s = 29 - 56. Let o = -15 - s. What are the prime factors of o?
2, 3
Let q(m) = -m**2 - 3*m + 2. Let u be q(-3). Suppose -c = u*c - 96. What are the prime factors of c?
2
Let z(x) = -x**2 - x + 3. Let r be z(0). Suppose -4*b = -t + 9, -r*t + b + 33 = -16. What are the prime factors of t?
17
Suppose 3*q = -0*q + 9. Suppose 2*t - o + 2*o - 6 = 0, 5*o = -5*t + 15. Suppose q*i - 5*v - 20 = 0, -i - 4*i + t*v = -28. What are the prime factors of i?
5
Let u(y) = 2*y - 6. Let c be u(5). Let w(q) = 0 + 0*q + 3*q - 4. What are the prime factors of w(c)?
2
Let j(m) = -m**3 + 23*m**2 - 23*m + 28. What are the prime factors of j(22)?
2, 3
Let s = -26 - -57. Suppose 11 = -2*o - 2*i + s, -i + 40 = 4*o. List the prime factors of o.
2, 5
Suppose -2*j + 73 = 5*s, 2*s - 4 = 3*j + 10. List the prime factors of s.
13
Let k(a) = 2*a + 5. Let s be k(-5). Let r = s - -10. List the prime factors of r*(-1)/(-1) - -1.
2, 3
Suppose 0 = -0*g + 4*g - 120. List the prime factors of g.
2, 3, 5
Suppose 5*x + 5*w + 7 = 2*w, 2*x = -4*w - 14. Let c = 0 - x. What are the prime factors of 8 + c - 0/5?
7
Let b(v) = 22*v - 1. Let h be b(1). Suppose 3*o + n = 5*n + h, -5*n = -4*o + 29. What are the prime factors of o?
11
Let h = -3 - -2. Let l be (3 + h)*(0 - -2). Suppose 4*p - z - 39 = 0, 8*p - 3*p - l*z - 46 = 0. List the prime factors of p.
2, 5
Suppose -2*u = u. Let f = -1 + 7. What are the prime factors of 4*3/f + u?
2
Let l = -3 + -4. Let j = l - -16. What are the prime factors of j?
3
Let v be (-1 - -2) + 1 + 14. Suppose -m + v = m. Suppose 2*h = -f + 28, 2*h - f - m = h. List the prime factors of h.
2, 3
Let r = -7 + 12. Suppose -3*h = r*c - 2*c - 24, 4*c - 2 = 2*h. List the prime factors of h.
5
Suppose -2*p + j + 49 = 0, 0*p = -5*p + 3*j + 120. What are the prime factors of p?
3
Let a(u) = -u**3 - 8*u**2 - 5*u + 8. Let y be a(-7). Let o(r) = -r - 1. Let b be o(y). Suppose b*k = 3*k + 12. What are the prime factors of k?
2, 3
Let p(c) be the third derivative of -c**4/24 + c**3/2 + 3*c**2. Suppose -12 = z + 3*r + 9, -3*z - 11 = -4*r. List the prime factors of p(z).
2, 3
Let i be (0/(-1))/(-1 - -2). Suppose i = 5*j - 37 + 2. What are the prime factors of j?
7
Let d = 116 + -45. What are the prime factors of d?
71
Let x be (-10)/(-4) + (-3)/6. Let d(b) = b - 1. Let j(h) = -h**2 - 9*h + 6. Let k(w) = x*d(w) + j(w). List the prime factors of k(-7).
2
Suppose 0 = -0*c - 3*c + 234. List the prime factors of c.
2, 3, 13
Suppose -376 = -5*o + 3*p - 48, -o + 3*p + 68 = 0. Let j be (-10)/(-45)*-3*-6. Suppose -w = j*w - o. List the prime factors of w.
13
Let z be -4*(-5)/(60/9). Suppose -2*b = z*y + 14, b + 4*b - 2*y + 73 = 0. Let p = -5 - b. List the prime factors of p.
2
Suppose -l + 0*l = -5*c - 30, 0 = l - c - 18. What are the prime factors of l?
3, 5
Suppose 8 = 3*j - 7. Suppose 0 = -2*s - j*v + 15, -s - 1 + 8 = 3*v. What are the prime factors of s?
2, 5
Let i be 33*(1 - 2/3). Suppose -5 = -4*w + i. Let o(x) = 5*x - 2. What are the prime factors of o(w)?
2, 3
Let s(m) = -m**3 + 12*m**2 + 6*m - 9. What are the prime factors of s(12)?
3, 7
Let h = -30 - -45. Let x be 6/h - 356/(-10). Suppose -2*v + 0*v + u + x = 0, v = -3*u + 11. List the prime factors of v.
17
Let r(b) = 7*b**2 - 5. Let k(n) = -13*n**2 + 9. Let v(f) = -4*k(f) - 7*r(f). Suppose -2*g + 7 = 3. What are the prime factors of v(g)?
11
Let k be -3 + 2 + 0 + 90. Suppose 5*b = -34 + k. What are the prime factors of b?
11
Suppose 77 = g - 36. Suppose -20 = 3*b + b, 3*k - g = b. What are the prime factors of k?
2, 3
Let y(g) = g**3 - 3*g**2 - g - 3. Let s = 2 + 2. What are the prime factors of y(s)?
3
What are the prime factors of (-2)/3*(-278 + -1)?
2, 3, 31
Let o = 154 + -82. Suppose 3*w + o = 5*w. List the prime factors of w.
2, 3
Let v = 3 + 15. List the prime factors of v.
2, 3
Let o = 5 + -5. Suppose o = -p + 3*p + 26. Let a = 28 + p. List the prime factors of a.
3, 5
Let x be 3*2*(-2)/6. Let b = x + 12. What are the prime factors of b?
2, 5
Let z = 0 - -3. Let v = z + -12. Let x = -5 - v. List the prime factors of x.
2
Suppose 0 = -3*k + 5*k - 26. Let y(n) = 3*n - 16. List the prime factors of y(k).
23
Let m be 3/18 - 46/(-12). List the prime factors of -4 + 3 + 2*m.
7
Suppose 4*y - 392 = -4*q, 3*q - 296 = -4*y - 0*y. What are the prime factors of q?
2, 3
Let v = 124 - 89. Let q = -18 + v. What are the prime factors of q?
17
Let q(n) = 9*n - 69*n**2 - n**3 + 61*n**2 + 7*n + 11. List the prime factors of q(-10).
3, 17
Let l be -11 + 3/1 - 0. Let v = l - -13. List the prime factors of v.
5
Let c(k) = k**3 + 12*k**2 + 12*k + 13. Let m be c(-11). Suppose -a - 3*a = 5*u - 15, -m*u - 17 = -3*a. What are the prime factors of a?
5
Let r(c) = c**3 + 6*c**2 + c + 8. Let i be r(-6). Suppose 4*v + 24 = -2*b - i*b, -29 = 4*v - b. Let w = v + 11. List the prime factors of w.
2
Let x(p) = p - 10. Let z be x(6). Suppose 0 = -3*b - b. Let u = b - z. List the prime factors of u.
2
Let c(u) = u - 13. Let t(g) = 2*g - 25. Let h(b) = 5*c(b) - 3*t(b). List the prime factors of h(-10).
2, 5
Suppose -2*a = -3*n + 9, -44 + 16 = -a - 5*n. List the prime factors of (-1 + 9)/(a - 1).
2
Let d(c) be the first derivative of 1 + 1/2*c**2 + c. List the prime factors of d(4).
5
Let s(p) = -20*p + 14. List the prime factors of s(-4).
2, 47
Let x = -355 - -581. Suppose -2*y + 164 = 3*s, 2*y = -4*s + 3*y + x. What are the prime factors of s?
2, 7
Let t(w) = w + 2. Let j be t(-7). Let s(k) = -k - 1. Let h be s(j). Suppose 31 = 2*a + h*p + p, -4*a + 23 = -3*p. List the prime factors of a.
2
Let d(m) = -m**3 + m**2. Let k(u) = u**3 + 6*u**2 - 8*u - 8. Let q be k(-7). Let j be d(q). List the prime factors of 1 + 4 - -1 - j.
2
Let q be (126/49)/((-6)/(-28)). Let b = q - 22. List the prime factors of (96/40)/((-4)/b).
2, 3
Suppose -2*c + d = -55, -180 = -5*c + 5*d - 50. List the prime factors of c.
29
Let b(v) = v**2 + 12*v - 5. Let q(m) = m**3 + 4*m**2 - 3*m - 3. Let a be q(-5). What are the prime factors of b(a)?
2
Suppose 5*r + 5*s - 159 - 1 = 0, -r + 41 = -2*s. List the prime factors of r.
5, 7
Suppose -5*o = 20, p - 4*p = 2*o - 22. Let r = p + 8. List the prime factors of r.
2, 3
Suppose -3*g - 3 = 5*d, 5*d = 4*g + 5 - 1. Let f = g - -33. What are the prime factors of f?
2
Suppose 5*v = 5*p - 395, 4*p + 3*v - 2*v - 296 = 0. List the prime factors of p.
3, 5
Suppose -3 = -3*u, -295 = -3*p - 4*u - 0*u. What are the prime factors of p?
97
Let g be (-10)/2 + (2 - 1). Let n(m) = m**2 - 7*m + 10. Let i be n(7). Let t = i - g. List the prime factors of t.
2, 7
Let z = -31 - -61. Suppose 5*n = z - 5. What are the prime fact